y + 14. Let l be n(3). Calculate the greatest common factor of l and 8.
2
Let z be (-1)/((1*-2)/12). Let n = 12 - 3. Let c = n + -7. What is the highest common divisor of z and c?
2
Let i be 25/(((-9)/8)/(-9)). What is the highest common divisor of 25 and i?
25
Suppose 0 = 4*y - 8*y + 64. Let q = -287 - -463. What is the greatest common factor of q and y?
16
Let z be 8/(-20) - (-12)/5. Suppose -m + 5 = 0, z*w + 242 = 5*w - 2*m. Calculate the greatest common divisor of w and 21.
21
Suppose -4*u + 466 = -614. Let c = u - 130. What is the greatest common divisor of c and 28?
28
Suppose -5*z + 3*s = -1006, 5*s - 790 = -4*z - 0*z. Calculate the greatest common divisor of z and 25.
25
Suppose 0 = -5*m - 2*k - 17, k = -4*m - 7 - 9. Let w be (2/m)/((-1)/(-10)). Let n be (w/6)/((-2)/18). What is the greatest common divisor of 3 and n?
3
Let q(g) = 109*g**2 - g. Let v be q(-1). What is the highest common factor of 22 and v?
22
Let m(q) = -q**3 - 3. Let k be m(0). Let x = 12 + k. What is the greatest common factor of 27 and x?
9
Let x be 4/2 + (1 - 10). Let r = -6 - x. Let v = r - -12. What is the greatest common divisor of v and 65?
13
Suppose -5*g + 8 = -2. Suppose -g*t + 3*v + 81 = 2*t, 87 = 4*t - 5*v. Calculate the greatest common factor of 3 and t.
3
Let i(y) = 18*y**3 - 2*y + 1. Let a be i(1). Suppose -3*d + 413 + 46 = 0. Calculate the greatest common divisor of d and a.
17
Let o = 11 - 12. Let p be (-14)/o + -3 + 2. What is the highest common factor of p and 26?
13
Suppose -o - 4*h + 3*h = -4, -5*h - 8 = -2*o. Suppose 4*v - 64 = o*t, 2*v + 5*t = 30 + 16. Calculate the highest common divisor of v and 18.
18
Let q(u) = -26*u**3 - u - 1. Let a be (-4)/6 + (-4)/12. Let r be q(a). Calculate the greatest common factor of 39 and r.
13
Let t = 13 + -9. Suppose -2*i + i + 24 = 0. Let u be (-13)/(-3) - 8/i. What is the highest common factor of t and u?
4
Let a be (16/(-20))/((-4)/50). Suppose -4*s - a = 2. Let y = s - -15. What is the greatest common factor of 4 and y?
4
Let z be ((-9)/6)/((-2)/(-4)). Let s be 2/z*(-18)/4. What is the highest common factor of 12 and s?
3
Let y(i) = i**3 - 5*i**2 - 6*i + 8. Let q be y(6). Calculate the highest common factor of q and 8.
8
Let g be 936/60 - (-4)/10. Suppose 0 = -z + 4*z - 4*t - g, -z - 2*t = -12. Calculate the highest common divisor of 72 and z.
8
Suppose 0 = -u - 5*i + 14, -9 = -5*u - 2*i + 61. Suppose 0 = -5*o - 0*o + 120. Let f = o + -3. Calculate the highest common factor of u and f.
7
Suppose 58*x = 55*x + 72. Let h = 22 - 10. Calculate the greatest common factor of x and h.
12
Suppose -16 + 1072 = 3*t. What is the highest common divisor of 32 and t?
32
Let l be 42/2 - (6 - 9). Let n(k) = -6*k. Let g be n(-6). What is the highest common divisor of g and l?
12
Let z be (6/(-9))/(2/(-18)). Suppose -5*y = -y + 20. Let p(b) = 3*b**2 + 2*b + 1. Let c be p(y). Calculate the highest common divisor of z and c.
6
Let r(n) = -n**2 - n + 3. Let q be r(-4). Let f = 15 + q. Suppose 18 = -14*j + 17*j. Calculate the highest common factor of f and j.
6
Suppose 0 = -2*d + 3*d - 18. Calculate the greatest common divisor of d and 54.
18
Let w = -1 - -1. Let b(i) = -i**3 - i**2 + i + 3. Let d be b(w). Calculate the highest common factor of 21 and d.
3
Let x be (0 - -1)/((-6)/(-18)). Let q be 179/x - (-1)/3. What is the greatest common factor of 24 and q?
12
Suppose i - 2 = -5*l + 10, i - 9 = -4*l. Let g(h) = 6*h - 2. Let d be g(l). Let r = d - 1. Calculate the greatest common divisor of 120 and r.
15
Let u = -135 - -240. What is the greatest common factor of u and 30?
15
Let w be 2/3 + 132/(-9). Let l = w + 31. What is the greatest common divisor of 136 and l?
17
Let w = -4 + 22. What is the highest common factor of 12 and w?
6
Let y(w) = w**3 + w**2 - w + 2. Let h be y(3). Suppose i + 8 = h. Suppose o - 4*o + i = 0. What is the highest common divisor of 36 and o?
9
Let z(u) = -u + u**3 + u**2 - u**2 - 14*u**3. Let d be z(-1). Calculate the greatest common factor of 14 and d.
14
Suppose 2*c = c + 6. Suppose 2*l = 3*z - 2 + 19, -11 = 4*l + 3*z. Let o be ((-9)/(-5))/(l/5). What is the greatest common divisor of c and o?
3
Let k = 54 + -41. Calculate the greatest common divisor of 143 and k.
13
Let b(t) = t - 3. Let m be b(8). Suppose -3*x - 110 = -m*x. What is the greatest common divisor of x and 22?
11
Suppose 0*p = 2*p + 2. Let h be (-6)/12*(p - -1). Suppose -f + 11 = -h*f. What is the highest common divisor of 77 and f?
11
Let a(m) = -2*m**3 - 3*m**2 + m + 4. Let n be a(-3). What is the highest common divisor of n and 28?
28
Suppose 0 = -4*w + 19 + 21. Let z = w + -2. What is the greatest common factor of 16 and z?
8
Let c = -74 + 170. Suppose 40 = a + 9. Let s = -19 + a. What is the highest common factor of c and s?
12
Let i(m) = m**2 + m - 1. Let d be i(1). Suppose w = 2*w + 2*v - 2, d = -v. Let h be (-68)/(-5) + w/10. Calculate the highest common factor of h and 14.
14
Let t(d) = 7*d + 75. Let j be t(-3). Suppose 4 = -6*z + 5*z, -n = 5*z - 16. What is the greatest common divisor of j and n?
18
Let w be (-43)/(-6) + (-7)/42. Suppose -3*g + 27 + 141 = 0. Calculate the highest common divisor of g and w.
7
Let d = -15 - -9. Let t(w) = -w**3 - 5*w**2 - 4. Let l be t(d). Calculate the highest common divisor of l and 4.
4
Suppose 4*j + 16 = 0, j + 3*j - 4 = -l. Suppose 2*q - l = -4*s, 2*q - 9 = 5*s + 29. Suppose 121 + 257 = 3*c. Calculate the highest common divisor of q and c.
14
Suppose -t - 4*t = -90. Suppose -2*p + 2*o - 354 = -6*p, -4*o = 2*p - 192. Let z = p - 41. Calculate the greatest common divisor of z and t.
9
Let y be 1/3 - 64/(-6). What is the highest common factor of y and 1?
1
Suppose -8*f + 20 = -772. What is the highest common factor of f and 33?
33
Suppose -4*z + 56 = 4*x, -z - 28 = -3*z - 3*x. Let k(s) = 7*s + 1. Let n be k(-1). Let l = n + z. What is the greatest common factor of 88 and l?
8
Let p(a) = -15*a + 1. Let v be p(1). Let h = v + 28. Suppose -5*i + 0*i = -140. What is the highest common divisor of i and h?
14
Let q be (-2)/6 - 37/(-3). Suppose q = -c + 3*c. Calculate the highest common divisor of c and 3.
3
Suppose -4*q + 44 = 5*v, -q - 2 = -3. Let g be ((-48)/(-30))/(1/5). What is the greatest common divisor of g and v?
8
Let z = -247 + 527. What is the greatest common divisor of 35 and z?
35
Let p = -72 - -137. Let r(j) = 4*j**2 - 1. Let z be r(-1). Let m be 11 - z*8/(-12). Calculate the greatest common divisor of p and m.
13
Let m(a) = 2*a - 3. Let n be m(11). Suppose -s - s = -q - n, 30 = 5*s + q. What is the greatest common factor of 7 and s?
7
Let i(x) = 31*x**2 + 1. Let s be i(-1). Suppose 4*o = 14 + 2. Calculate the greatest common factor of s and o.
4
Let t = 2 + 7. Suppose 9 = f - t. What is the highest common divisor of f and 36?
18
Let v = -17 - -11. Let y = v + 5. Let x be (2 + y)/((-3)/(-21)). Calculate the highest common factor of x and 49.
7
Suppose 3*l - 17 = 3*f - 5*f, 0 = -5*l + 5*f - 5. Let m be 3/6*1432/2. Suppose l*z - 290 - m = 0. Calculate the highest common divisor of z and 24.
24
Let h be (-20)/(-2) + 8/(-4). Calculate the greatest common divisor of 16 and h.
8
Let c be 16 + (3 - 3 - 0). Let v be -1*4/(c/(-36)). What is the greatest common factor of 6 and v?
3
Let a(b) = b**3 + 3*b**2 - b + 4. Let l be a(-3). Suppose -4*i + 241 = -67. Calculate the greatest common factor of l and i.
7
Suppose 5*f - 28 = -2*u - 0*u, 5*f + 44 = u. Calculate the highest common divisor of u and 48.
24
Let m = -18 + 10. Let w = m + 9. What is the greatest common divisor of 3 and w?
1
Let t = 117 - 94. What is the greatest common factor of t and 207?
23
Let a(u) = u**3 - 5*u**2 + 4*u + 3. Let q = -1 + 5. Let b be a(q). Suppose i - 11 = -4*j, -4*i + 3 = -b*j - 3. Calculate the greatest common factor of i and 21.
3
Let u = -135 - -234. Let o = 37 + -26. Calculate the highest common divisor of u and o.
11
Let o(x) = -53*x - 7. Let c be o(-2). Suppose -m = -0*m - c. What is the greatest common divisor of m and 9?
9
Let k = 149 + -139. Calculate the highest common factor of k and 15.
5
Let b be 2 + (-6)/27 + (-290)/(-9). What is the highest common divisor of b and 136?
34
Let p(t) = t**3 + 6*t**2 + 3*t + 6. Let j be p(-5). Suppose -3*c = -5*c + j. Calculate the greatest common divisor of 16 and c